t is p(g)?
-7
Let z be (-8)/16*(-2 + 2). Let f(q) = -q**3 - q**2 + q + 13. Calculate f(z).
13
Let g(y) = -y - 13. Let l be g(-12). Let s(q) = -5*q**3 - 1. Give s(l).
4
Let u(l) = -5*l. Suppose k - 2 = -2*w - 1, -4*k - w = -11. Let t = k - 2. Suppose t = -0*f + f. Give u(f).
-5
Let m(p) be the second derivative of p**5/10 + p**4/12 - p**3/6 + p**2/2 - 9*p. Calculate m(1).
3
Let l = 4 + -2. Let k(s) = s**2 + s + 1. Let p(u) = -u**3 + 3*u**2 + u. Let x(m) = l*k(m) - p(m). Determine x(0).
2
Let f(v) be the second derivative of -13*v**3/6 + v**2/2 - 23*v. Give f(-1).
14
Let k(z) = 5*z - 13. Let u(s) = 3*s - 7. Let x(m) = 4*k(m) - 7*u(m). Let t(l) = -10*l + 106. Let o be t(11). What is x(o)?
1
Suppose -3*d + 3 = -4*x, -2*d = x - 6 - 7. Let i(p) = 2*p**2 - 8*p - 3*p**2 - d + 0. Calculate i(-6).
7
Let u(h) be the first derivative of h**4/4 + h**3/3 + h**2/2 + 5*h - 6. Calculate u(0).
5
Suppose -4*p - 5*f + 9 = 0, -4*f + 3*f = -p. Let z(v) = -2*v - 4 + p + 3*v + 9. Determine z(-5).
1
Let c(m) = m**3 + 5*m**2 - 6*m + 4. Let o(b) = b**3 - 8*b**2 - 3*b + 18. Let w be o(8). What is c(w)?
4
Let h be 2 - (0/2)/3. Suppose j + 4*c - 14 = -j, h*c - 10 = 0. Let s(i) = i + 0 + i + 2. Give s(j).
-4
Let h(m) be the second derivative of m + 0 + 0*m**3 - 1/60*m**5 - 1/360*m**6 - 1/6*m**4 + 0*m**2. Let u(n) be the third derivative of h(n). Calculate u(-4).
6
Let a = -112 + 106. Let z(x) = 2*x + 9. What is z(a)?
-3
Suppose x + 4*s = -12, -2*x = -5*x + 4*s - 4. Let f(d) = -d + 8 - 12 - 5. What is f(x)?
-5
Let u(t) be the first derivative of t**2 + 4*t - 4. Let y be u(-4). Let d(z) = -2*z - 1. Calculate d(y).
7
Let k(o) = o**3 + o**2 - 1. Suppose -3*f + 3 + 3 = 0, 4*n - 2*f + 8 = 0. Determine k(n).
-1
Let m(z) = z + 7. Suppose -55 + 1 = 6*a. Give m(a).
-2
Let q(p) = p**2 - p - 1. Let v(c) = -2*c**3 - 5*c**2 + c**3 - 3*c + 11*c + 3 + 0*c. Let n(a) = 6*q(a) + v(a). Calculate n(2).
-3
Suppose 0 = 4*y + 21 + 15. Let t(j) = -j**3 - 9*j**2 - j - 8. Let l be t(y). Let q(d) = -1 - l + 3*d + 1. Give q(-1).
-4
Let w be 0 + 1/(-1) - 0. Let j(f) be the first derivative of -f**2 - f - 2. Let u be j(w). Let q(x) = -4*x**2 + 1. Determine q(u).
-3
Let t(v) = -2*v + 12. Let n(k) = 3*k - 12. Let z(g) = -4*n(g) - 5*t(g). Let b(i) = 4*i + 25. Let j(c) = 3*b(c) + 7*z(c). What is j(-6)?
3
Let g(h) = -6*h. Let t be (-5)/(-1)*(-2)/(-5). What is g(t)?
-12
Suppose 3*u - 6 + 0 = 0, 4*s - 4*u + 36 = 0. Let q(f) = -f**3 - 6*f**2 + 6*f - 8. Determine q(s).
-1
Let d be (((-14)/3)/((-6)/9))/(-1). Let x(l) = -l**2 - 6*l + 7. What is x(d)?
0
Let h be (-6)/(-12) - (-3)/2. Let l(i) = -2*i + 4*i - 5*i**2 + 2*i**h. Let c(o) = 4*o**2 - 3*o. Let u(a) = -2*c(a) - 3*l(a). What is u(-2)?
4
Let t = -2 + 8. Let x(y) = -y**2 + 4*y - 1. Calculate x(t).
-13
Suppose -2*c + 4 = -2. Let t be 0 + (c - (3 + -3)). Let w(g) = 0*g - 7*g + 2*g + 5 - g**t - 7*g**2 + 0*g**3. Calculate w(-6).
-1
Let i(t) = -9*t**3 - 1. Let k be i(-1). Suppose 15 = -k*h + 3*h. Let a(g) = -g - 7. What is a(h)?
-4
Let j(n) = n**2 + 7*n - 24. Let u be j(-10). Let z(s) = -s**2 + 8*s - 8. Give z(u).
4
Let q(s) = -s**2 + 5*s - 2. Let v be q(2). Let u(j) = 5 + v*j**2 + 4*j + 2 + 0*j - j**3. Determine u(5).
2
Let k(l) be the second derivative of -l**4/12 - 5*l**3/3 - 2*l**2 - 44*l. Give k(-9).
5
Let w(d) = -4*d - 1. Let o(b) = 3 - 1 + 0 + b - 2*b. Let s be o(0). What is w(s)?
-9
Let r be (-5)/((-50)/(-4))*-20. Let y(z) = 9*z**2 - r*z**2 + 4 + 5*z + 4*z - 5*z. Determine y(-3).
1
Let g = -1 - -4. Let w(u) = -2*u**2 + 3*u + 3*u**2 - g - 2. Calculate w(-6).
13
Let z(o) be the third derivative of o**4/24 - o**3/2 - 5*o**2. Give z(0).
-3
Let x(h) = -h**2 - 6*h - 5. Let t(z) = -z + z**2 + 0 + 3*z + 4*z + 6. Let s(l) = 3*t(l) + 4*x(l). Give s(-3).
7
Let k = 6 - 6. Suppose k = -0*v - 2*v + 8. Let z(p) = -p**3 + 3*p**2 + 5*p - 3. What is z(v)?
1
Let v(l) be the third derivative of l**4/24 + l**3/3 - 3*l**2. Let y = 15 - 9. What is v(y)?
8
Let z(a) be the first derivative of -a**5/120 - a**4/12 - a**3/3 - 2. Let r(c) be the third derivative of z(c). Calculate r(4).
-6
Let f(j) = 3*j + 2. Suppose -7*b - 6 = 8. Give f(b).
-4
Let h(p) be the third derivative of p**4/24 + 5*p**3/3 + 11*p**2. Calculate h(-5).
5
Suppose -2*o = -3*o. Suppose -h - h - 6 = o. Let r(u) = -u**3 - 4*u**2 - 3*u + 4. Determine r(h).
4
Let g(v) = v**2 - 5*v - 11. Let n be g(6). Let f(m) = -m - 7. Determine f(n).
-2
Let r(l) = -3*l - 1 + 6*l**3 + 9*l**2 - 4*l - 7*l**3 - 16*l**2. Give r(-5).
-16
Let l(d) be the first derivative of 3*d**2/2 + 3*d - 2. Let g be -3*((-20)/6 + (11 - 7)). Give l(g).
-3
Let f be ((-9)/6)/((-5)/90). Let g be (-34)/(-6) - (-9)/f. Let o(x) be the first derivative of -x**3/3 + 7*x**2/2 - 9*x + 3. Give o(g).
-3
Suppose 2*k + 3 = -2*m - 1, 5*k + 2*m = 5. Let v(u) = 2 + k - 4 - 2*u + 2. Give v(4).
-5
Let r = 3 + -3. Let w(q) = -q**2 - q + 1. What is w(r)?
1
Let u(g) = 7*g - 9. Let i(k) = -k + 1. Let b(f) = -f**3 + f - 6. Let a be b(0). Let v(o) = a*i(o) - u(o). Calculate v(5).
-2
Let h(c) be the first derivative of c**4/4 - c**3 + 5. What is h(3)?
0
Suppose -9 - 1 = 5*d. Let r be (1 + 2 + d)*1. Let y(f) = -11*f**2 - 2*f + 5. Let v(g) = -17*g**2 - 3*g + 8. Let u(k) = -5*v(k) + 8*y(k). What is u(r)?
-4
Let u(k) = -k**3 + 2*k**2 + 2*k - 2. Let n be (-4)/(-8)*12/2. Give u(n).
-5
Let j(r) = r. Let v(a) = -a**2 + 2 + 5*a - 2*a**2 + 2*a**2. Suppose -3*y + 8 = f - 0*f, 0 = 2*f + 3*y - 13. Let q be v(f). Give j(q).
2
Let r(b) be the second derivative of -b**3/6 + b**2 + b. What is r(-2)?
4
Let j(z) be the first derivative of -z**3/3 + 5*z**2/2 - 3*z - 3. Let m(b) = b - 4. Let r be m(5). Let y = 5 - r. Calculate j(y).
1
Let p(z) = 3*z**2 + 2*z - 1. Suppose -3*o - 2*i = -o + 14, 0 = -5*o + 5*i + 15. Give p(o).
7
Let b(p) be the third derivative of -p**6/120 + 19*p**3/6 + 9*p**2. Determine b(0).
19
Suppose n = 5*n - 4*g - 20, -12 = 4*g. Suppose -13 = n*p - 5*m, -5*m + 17 = 3*p - p. Let c(a) = 3*a**3 + 2*a - 1. Calculate c(p).
4
Let s(d) be the second derivative of d**5/20 + d**4/2 - 4*d**3/3 - 5*d**2/2 + d. Let m be s(-7). Let i be (-20)/16*m*-2. Let w(k) = -k. Give w(i).
-5
Let j = 1 - 5. Let d(a) be the first derivative of -a**4/4 - a**3 + 3*a**2/2 - 5*a + 5. Determine d(j).
-1
Let u be (-4)/(-10) - (-140)/25. Suppose 0 = -u*p + p + 20. Let d(s) = 4*s - 5. Calculate d(p).
11
Let j(m) = -m + 11. Let x(y) = y - 12. Let h = -13 + 8. Let u(g) = h*x(g) - 4*j(g). Give u(0).
16
Let h(v) = 5*v + 7 - 1 + 2*v**2 - 2. Determine h(-3).
7
Let k(d) = -d**2 - 6*d - 2. Let o be k(-5). Let u(b) = 2*b - b**2 - o*b - b - 4. Let y(a) = -a**2 - 7*a - 9. Let x be y(-6). Give u(x).
-7
Let a(p) = 7*p**3 + 9*p**2 - p + 4. Let b(c) = 13*c**3 + 17*c**2 - 2*c + 7. Let f(y) = -11*a(y) + 6*b(y). What is f(-4)?
-14
Let f(h) = -8*h. Let b(p) = -p. Let y(q) = 6*b(q) - f(q). Suppose 0 = 4*k - i + 20, 0 = k + 5*i - 12 - 4. Give y(k).
-8
Let q(c) be the second derivative of -c**8/6720 - c**7/2520 + c**5/120 + c**4/12 - 7*c. Let j(s) be the third derivative of q(s). What is j(0)?
1
Suppose -4*p = 2*p - 12. Let f(h) = -3*h**2 + 4*h - 2. Calculate f(p).
-6
Let d be 1 + -3 + 1 + (-30)/(-5). Let c(f) = -f**2 + 5*f - 1. Determine c(d).
-1
Let m(q) = q**3 + 3*q**2 - 2*q + 2. Let v be (-2)/(-10)*-19 + (-2)/10. What is m(v)?
-6
Let j(v) = -7 + 12 + 0*v - 2*v**2 - 4*v + 0*v**2. Give j(-4).
-11
Let k(x) = -x**2 + 5*x + 8. Let y(v) = 8*v - 9. Let a be y(2). Determine k(a).
-6
Let d(t) = t**3 - 3*t**2 - 4*t - 5. Let m be d(4). Let i(c) be the third derivative of -1/6*c**4 - 1/60*c**5 + 0 + 0*c - c**2 + 1/3*c**3. Give i(m).
-3
Let a(f) be the first derivative of 0*f**3 - f + 1/2*f**2 + 1 - 1/2*f**4. Suppose 2 = 2*m - 0*m. Determine a(m).
-2
Suppose 5*n = -5*g + 35, 0 = 4*g + 3*n - 6*n + 7. Let x(r) = 2 - 1 + r**g + 3 - 4*r. Give x(4).
4
Suppose -29 = -6*b + 1. Suppose 3*j - 4*j + 7 = b*q, -2*j - 10 = -2*q. Let a(s) = s**3 + 2*s**2 - 2*s + 2. Give a(j).
-1
Let n(t) be the first derivative of t**3/3 - 2*t**2 + 5*t - 8. Give n(4).
5
Let o(a) = a - 17. Let k be o(15). Let t(b) = -6*b - b**3 + 3*b**2 + 2*b**3 + 8*b + 2. What is t(k)?
2
Let f(w) = -3*w**2 - 12*w + 4. Let p(u) = -2*u**2 - 8*u + 3. Let b(n) = 5*f(n) - 7*p(n). Let v be (-16)/9 - (-18)/(-81). Determine b(v).
3
Suppose 0 = 2*h + 3*h. Let f(z) = z**3 - z**2 - 7. Calculate f(h).